(1 - 2).
3
Calculate 5 + 8 + -5 + -3 + -11.
-6
Calculate (-1 - -27) + -8 - 7 - 6.
5
-3 + 0 - (40 - (11 + (-16 - -14)))
-34
What is the value of 20 + (-8 + (-6 - -19) - 2)?
23
Evaluate 1 + 34 - (4 + -39 + 46).
24
Evaluate -6 + (6 - -3 - 2).
1
Evaluate (4 - -3) + -2 - (3 + -2) - 2.
2
What is -4 + -4 + -3 - (-324 + 299)?
14
(-3 - (-1 - -2)) + (0 - (-8 - 8))
12
What is (20 - 16) + 6 + -19?
-9
What is (8 - -27 - 16) + -17 - 29?
-27
(-1 - -10) + (-3 - 5 - -12)
13
What is 44 + -9 + (-18 - 1)?
16
What is the value of -21 + 30 + (-31 - (5 + -6))?
-21
13 - 0 - (4 + -76 + 85)
0
What is 10 - -1 - (797 + -779)?
-7
Calculate -2 + (6 - (-3 + 1 + 3 + 16)).
-13
Evaluate 1 - (-3 - -5) - 2 - -14.
11
Evaluate 133 - 124 - (1 - 2 - -34).
-24
16 - 2 - (6 + -3 + -7 - -9)
9
Evaluate 1 + 15 + -6 + -11.
-1
-1 - 0 - (36 + (-77 - -42)) - 7
-9
Calculate -1 - (-16 + (-7 - (-15 + -4)) + 16).
-13
Calculate (6 - (5 + 6)) + (3 - 11 - -27).
14
Evaluate 10 + (5 + -3 - 4) + -43 + 23.
-12
What is -13 - ((0 - 12 - -9) + -1 + 8)?
-17
Evaluate 6 + ((-6 - -7) + -9 + 5 - 5).
-2
What is the value of -4 - 2 - (-29 + 9 + 33)?
-19
What is 10 - (13 + 20) - (-1 + 2 - 8)?
-16
28 + (0 + 5 - (-101 + 111))
23
What is the value of -12 - (-21 - -17) - (-5 - 1)?
-2
Evaluate -10 - (3 - -9 - 11).
-11
Calculate 0 + -1 + -1618 + 1607.
-12
What is the value of (22 - 2) + -5 + 6 + (0 - -2)?
23
What is (-15 - 3) + 2 + -9 + (1 - -6)?
-18
What is the value of -13 - (-10 - (3 - (2 - -6)))?
-8
Calculate -2 - (-1 + -3) - -3 - (-8 - -4).
9
What is the value of -13 - (0 + 0 - (48 - 41)) - 18?
-24
-15 + 13 + -7 + (10 - 1)
0
Evaluate -2 + (-13 - -10) + (34 - (-1 - -9)).
21
Evaluate 9 + -8 + -6 + 7 - -7.
9
-2 + 6 - (-14 - (-5 - (1 - -6)))
6
Evaluate 2 + (2 - (3 - 6)).
7
Evaluate -14 - ((4 - 40) + 0 + -3).
25
What is 8 + -2 + 31 + -46 + 22?
13
Calculate (-9 + (-8 - -17) - 11) + 15.
4
What is (16 - (8 - (14 + -22))) + (-14 - 0)?
-14
Evaluate -10 + 10 + -4 - (-10 + -4 - 0).
10
What is the value of (22 - 19) + (5 - 7) + 13?
14
What is the value of -1 - -5 - ((5 - -17) + -17)?
-1
Calculate 18 + -44 + 4 + 34.
12
4 + -1 - (-16 + 19 - 8)
8
Evaluate (-8 - 0) + -40 + (-31 - -63).
-16
What is the value of (-5 - (-1 + -10) - 16) + (-6 - -40)?
24
What is -8 + (-75 - -130) + (-1 - 0) + -9?
37
Evaluate -20 + (2 - -3 - (2 + (3 - 6))).
-14
Calculate (7 - 21) + 49 + -17.
18
Evaluate (33 - 5) + -61 + 5.
-28
Evaluate -10 - (9 + 1 + (41 - 61)).
0
What is (0 - -7 - -1) + -8 - (-7 - 0)?
7
-2 + -6 + (-4 - (-2 + -9))
-1
Calculate (-5 - -10) + (-4 + 4 - (-23 - -18)).
10
5 - 1 - (0 + 3 + (-2 - 1))
4
Calculate (-14 - -21 - -5) + 19.
31
Evaluate -10 - (14 + -26 + 8).
-6
Calculate -1 + 5 + (-2 - (-8 - -13) - 18).
-21
Evaluate 14 - (-1 + 23 - 21).
13
What is the value of 9 + ((5 - -18) + -10 - 11)?
11
What is (14 + -13 - 9) + 3 + 1?
-4
-2 + -26 + 13 + -40 + 25 + 1
-29
9 - -1 - (4 - (4 - 3))
7
Evaluate (2 - 7 - -4) + 7.
6
What is the value of 10 + -8 + -4 - -14?
12
-3 + -4 + -1 + (9 - -2) - -4
7
(41 - 31) + -17 + (9 - 0)
2
Calculate 1 + -18 - (16 + 19 + -29).
-23
What is the value of -4 + (5 - 0 - (-70 - -71))?
0
Evaluate (0 + -4 + -37 - (-96 - -88)) + 3.
-30
Evaluate 21 + (14 - (4 + 13)).
18
What is 158 + -161 + 0 + 9 + -6?
0
Calculate -8 + 3 + 10 + (-7 - 1).
-3
What is (8 - 1) + 7 + -43 + 7?
-22
Evaluate (6 - (-1 - -31)) + (-2 - -12).
-14
Evaluate 3 + (-11 - (0 - 13)).
5
Evaluate 975 - 998 - (2 + (-5 - 2)).
-18
Evaluate (-1 - 0 - -23) + -66 + 70 + -14.
12
What is -15 - (-18 + 1 + 68 + -54)?
-12
Calculate (-3 + 9 - 10) + 4 - (13 - 12).
-1
Calculate 5 + 1 + 6 + (11 - (19 + -1)).
5
What is the value of 10 + -1 - (-9 + 24 + -14)?
8
Calculate (6 - (-1 + 1 + (11 - 18))) + -10.
3
Evaluate 336 + -335 + (1 - 2) + 0 + -16.
-16
34 + (52 - 34) + -29
23
What is -1 + -2 + 3 + (12 - 3) + 2?
11
Evaluate -33 - 14 - -8 - -18.
-21
What is the value of 34 - 4 - (-189 + 193)?
26
Evaluate 0 + 1 + (9 - 6 - 4 - 3).
-3
Evaluate 19 + -7 + 9 + (-19 - -8).
10
What is the value of (2 - (9 - 17)) + (-2 - -5)?
13
Evaluate -11 - (-5 + 3 - 6).
-3
What is (-2 - 8) + -313 + 316?
-7
What is 14 - ((9 - -1) + -3)?
7
-2 - 0 - -10 - (-5 + -51 + 62)
2
What is 5 - 1 - 0 - 8 - (14 - 14)?
-4
What is the value of (1 - 27) + (233 - 178)?
29
What is the value of (7 - (-73 - -86)) + (-1 - 17)?
-24
What is the value of (8 - (-1 - -10 - (3 - 21))) + 8?
-11
-6 + 6 + (0 - 6) + -6 + 4
-8
What is 468 + -482 + 2 + -4?
-16
What is -6 + 13 - (1 - (4 + 4 + -46))?
-32
What is the value of -29 + -2 - (8 + -25)?
-14
Evaluate -6 - (-2 + -16) - 7.
5
What is the value of 0 - (-5 - (9 + -11 + 4 - 0))?
7
Calculate -11 - ((1 - 23) + 16).
-5
What is 7 + -14 + -4 + 8 + 1 + 23?
21
What is 4 + 3 - (2 + (-10 + 4 - -14))?
-3
1 - -7 - (-18 + (-1 - -1 - -2))
24
What is the value of 2 + -30 + 5 + 15?
-8
Calculate -35 - (0 + -6 + -19).
-10
641 - 664 - (1 + -16) - (-2 - -19)
-25
What is -17 - (0 + -25 + 10)?
-2
What is -5 - ((-2 - 10) + 13)?
-6
-12 + (-4 + -26 - (74 - 92))
-24
Calculate -8 - -2 - (289 + -280).
-15
Evaluate 22 + -5 + -1 + 0 + -2 + -4.
10
What is 9 + 5 + (6 - 4) + (-1 - -2)?
17
What is (-2 - 9) + 0 + 6 + 4?
-1
What is the value of -3 + ((12 - 1) + -7 - -4)?
5
Evaluate 2 - 1 - -13 - (1423 - 1424).
15
2 + -5 + -5 - (-1 + 4 + -7)
-4
Calculate 69 - 83 - (13 - (7 - 2)).
-22
Evaluate -2 + (3 - (28 + 9 + -25)).
-11
(9 - 3) + (6 - -4 - 11) - 5
0
What is the value of -2 - 3 - 6 - ((-12 - -11) + -6)?
-4
Evaluate (12 - -8) + -15 - 1.
4
Evaluate ((-7 - -21) + -8 - (4 + -2)) + -5.
-1
(-46 + 33 - 5) + 10
-8
What is the value of (1 - 3 - 0 - (7 + -7)) + 5?
3
1 - -8 - (4 + 9)
-4
What is (261 - 249) + -1 + 0?
11
Calculate (-6 + -3 - -16) + -2 + -18.
-13
Evaluate (25 - -1) + 10 + (-10 - (-9 - -15)).
20
Calculate 1 + 5 + (-27 - (7 + -5 - 10)).
-13
(-12 - -4 - 17) + 15
-10
What is (-30 - 3) + 5 + -22 + (9 - -7)?
-34
5 + -5 + 6 + -1 + 11 + -9
7
0 + 25 + (3 - 14)
14
What is the value of -20 + 22 + (17 - (9 - -3))?
7
What is the value of (-25 - 0) + 648 + -632?
-9
7 + 3 + -10 - (-4 + -7) - -3
14
What is the value of 13 - 25 - -21 - 1?
8
Evaluate -13 - 6 - -45 - (0 - 0 - -2).
24
Evaluate 2 + 36 - (34 - -6).
-2
Evaluate (-18 - 13 - -41 - (6 - 0)) + -13.
-9
What is the value of (-266 - -256) + (2 - (15 + 1))?
-24
Calculate 12 - (-2 + 6) - -2.
10
What is the value of -51 - 0 - (-213 + 169)?
-7
(-147 - -147) + 23 + (4 - 1 - -1)
27
Calculate -2 + (-1 - 2) - (-1 + 5 - 20).
11
-8 + -9 + 7 + 20 - 15 - 15
-20
What is -2 + -9 + (-13 - (-3 + -13))?
-8
Evaluate (11 - (-1 - -6)) + 101 + -124.
-17
Calculate 0 + 17 - (11 + -4) - 11.
-1
Calculate 8 + (-9 - 4) + -2.
-7
Evaluate 46 + -40 - (1 - -1).
4
Calculate -4 + (4 - (3 - 7) - (4 - 0)).
0
(-11 - -5) + (-7 - (-5 + 2) - -6)
-4
3 - (6 + -18 + 7)
8
Calculate (20 - 26) + (-5 - -11) + -1.
-1
Calculate -15 - (16 + -7 + -13).
-11
What is -1 + -10 - (25 + (46 - 74))?
-8
What is the value of -1 + (-5 - -2) + (4 - 17) + 3?
-14
Evaluate (1 - 0) + 8 + (10 - 19).
0
What is -28 - -26 - (3 + 8)?
-13
Evaluate -2 + (7 - (15 + 19)).
-29
-47 + 32 - (1 + -2 - 1)
-13
14 + -25 + -1 + (-4 - (-3 + 4))
-17
Evaluate 40 + 3 + -8 - ((-1 - -12) + -2).
26
What is (11 - 2) + -12 + -14 + 2 + 1?
-14
What is 8 + 3 + -16 - (5 + -13)?
3
What is the value of -5 + 2 - (7 + -6 - -9)?
-13
What is -13 + (4 + 4 - (-10 + 9))?
-4
(-130 - -108) + (4 - -10)
-8
What is the value of -273 + 263 + (-1 - -8)?
-3
Calculate 7 + 8 + -4 + -2 + 9.
18
What is -48 - (-1 - (5 + 10))?
-32
What is the value of (-15 - (-29 + 19)) + 10?
5
What is the value of -21 - -17 - ((1 - 0) + -10 + 12)?
-7
16 + (-18 - -1) - (0 - -5)
-6
What is 1 - -1 - 2 - (82 + -84) - -4?
6
What is 9 - (-22 - -5) - 10?
16
What is the value of -1 + (21 - 18) + 4?
6
5 + (-17 - -14) - 3
-1
-19 - (29 + -66 + 27)
-9
What is (9 - -1) + (-3 - 1) + 10?
16
Calculate -7 + -9 + (29 - 12) + (1 - 1).
1
Calculate -100 + 60 - (-19 - 0).
-21
-4 - -9 - (29 + -16)
-8
What is the value of 8 + (-3 + (16 - 14) - (-9 - 0))?
16
Evaluate -7 - (-29 + 13) - -6.
15
Calculate 1 - (11 + 3) - (499 + -519).
7
Calculate 14 - (-145 + 149 + (1 - -7)).
2
What is (-1 - 3) + (20 - (9 - 3))?
10
What is the value of 0 - 1 - (-24 - -19)?
4
7 + 4 + (-18 - -10)
3
Evaluate 8 + -12 - 6 - -3.
-7
Evaluate -9 + 13 + (5 - 3) + (2 - -6).
14
What is the value of 44 - (-4 + 2) - (-45 + 154 - 98)?
35
Evaluate -11 + (-6 - -6) + 31